*v - 1102, -5*t - 4*v = -2689. What are the prime factors of t?
541
Let q(j) = -237*j + 27. Let o be q(-8). Suppose -538 = -3*v + 5*r + 907, -4*v + 3*r + o = 0. List the prime factors of v.
2, 3, 5
Let k(w) = 1941*w - 348. List the prime factors of k(4).
2, 3, 103
Let g be (42/(-9))/(8/(-12)). Let b(u) = 4*u + 1. Let k be b(g). Let j = k + 4. List the prime factors of j.
3, 11
What are the prime factors of (38 + -13 + -6950)/(26/(-12) - -2)?
2, 3, 5, 277
Let f be (-30)/(-70) - (-78)/14. Let y(m) = 6 - 10 - f*m - 25*m. What are the prime factors of y(-3)?
89
Let q be (69 + -1 - 5)*(-1)/(-3). Suppose 1098 + 8541 = q*r. What are the prime factors of r?
3, 17
Let h = 116 - 81. Suppose h*w - 42*w = -399. List the prime factors of w.
3, 19
Suppose 69 = -30*c + 31*c. Let p = c - -8. What are the prime factors of p?
7, 11
Suppose 0 = -f - 2*x - x + 4, -2*f = -5*x + 3. Let a be 1 - (140 + ((-4)/4)/f). What are the prime factors of -4 + (-3 + a)/(-3)?
43
Let j be (-119)/(-28) + -3 - (-10)/(-8). Suppose j = 11*x + 18*x - 6177. What are the prime factors of x?
3, 71
Suppose 5*c + m - 5*m = -3769, 3*c - 4*m = -2255. Let q = c + 421. Let y = q + 519. What are the prime factors of y?
3, 61
Let u = 8363 - 4736. List the prime factors of u.
3, 13, 31
Suppose s - 12*r = -8*r + 6033, 5*s - 30250 = 3*r. List the prime factors of s.
6053
What are the prime factors of (60/90)/(2/12) + 10212?
2, 1277
Let w(a) = 21*a**2 - 112*a + 76. What are the prime factors of w(-25)?
16001
List the prime factors of 417/2*48/18.
2, 139
Let r(x) be the first derivative of 2*x**3 - 5*x**2 + 5*x + 21. List the prime factors of r(8).
3, 103
Let f = -9523 - -20121. List the prime factors of f.
2, 7, 757
Let o = 24822 + -11534. Suppose 17*v - 2386 - o = 0. List the prime factors of v.
2, 461
Let m(a) = 0*a**2 - 4*a + 4 + 4*a**2 - 4*a - 2*a**2. What are the prime factors of m(7)?
2, 23
Let i be (55/(-10) - -6)/(2/1920). Suppose -682 = -7*r + i. Suppose 4*b = -4*c - r + 1006, -4 = -4*b. List the prime factors of c.
11, 19
Suppose -4*r = -3*c - 756 - 2955, -5*r = -c - 4647. List the prime factors of r.
2, 3, 5, 31
Let g(u) = -2*u**3 + 2*u**2 + 5*u + 33. Let c be g(-6). Let x = c - 323. List the prime factors of x.
2, 23
Suppose -53987 = 16*l - 160051. List the prime factors of l.
7, 947
Let v = 17287 + -7418. List the prime factors of v.
71, 139
Let x(r) = r + 78. Let n be (-18)/3 + 5 - (-15 + 1). Suppose 0 = -4*l - n - 47. List the prime factors of x(l).
3, 7
Let k(o) = 34*o + 21. Let p = 264 - 254. List the prime factors of k(p).
19
List the prime factors of ((-39)/2)/((63/42)/(292/(-4))).
13, 73
Let q(s) = -3023*s + 91. What are the prime factors of q(-3)?
2, 5, 229
Let d(y) = -3*y**3 + 60*y**2 - 23*y + 39. Let x(u) = u**2 + 12*u + 54. Let j be x(-6). List the prime factors of d(j).
3, 523
Let c = -1164 + 1711. Let d = c + -316. What are the prime factors of d?
3, 7, 11
Let p(g) = 22567*g**2 - 424*g + 423. List the prime factors of p(1).
2, 3, 3761
Suppose 2*u - 20 = -2*j, 4*j = -5*u + 47 - 7. Suppose 3121 = j*p - 2039. What are the prime factors of p?
2, 3, 43
Let y(j) = -2*j**2 + 10*j + 4. Let k be y(5). Suppose -5*q - 4616 = -10*q - 2*c, 0 = q - k*c - 910. What are the prime factors of q?
2, 461
Suppose -5*y = 4*d + 1010 + 2123, d = -5*y - 3142. Let z = y - -1254. List the prime factors of z.
5
Let d = -304 + 314. What are the prime factors of 12534/d - 14/35?
7, 179
Suppose -2*c + c = 2*c. Suppose c = u - 5, -u = 4*j + u - 138. List the prime factors of j.
2
Let d = -10940 - -23847. What are the prime factors of d?
12907
Let l = 6803 + 1013. What are the prime factors of l?
2, 977
Suppose 0 = q + v - 38293, 88*q - 3*v + 76591 = 90*q. List the prime factors of q.
2, 2393
Let m(b) = b**2 + 5*b + 19. Let n be m(-4). Suppose 11*q = n*q - 2732. List the prime factors of q.
683
Let j = 13495 + -10285. What are the prime factors of j?
2, 3, 5, 107
Suppose -5*t + 9 = a - 14, 2*a - 18 = -3*t. Suppose -2*g + 2*z = 3*z + 7, a*g - 3*z = -6. Let m(k) = 7*k**2 - 3*k - 1. List the prime factors of m(g).
71
Let w = 49 + -49. Suppose w = 17*h - 18*h + 3. Suppose 13 = j + h*x - 13, x = 3*j - 78. List the prime factors of j.
2, 13
Let y = 4723 - 2593. Let j = 3001 - y. List the prime factors of j.
13, 67
Let n(i) = -i**3 - 6*i**2 + 14*i + 23. Let b be n(-7). What are the prime factors of b/(-6) - (-100)/(-75)?
3
List the prime factors of (3 - 8273/2)/((-1)/(-4 + 12)).
2, 7, 1181
Let o = -449 - -4049. Suppose o - 64980 = -44*s. List the prime factors of s.
3, 5, 31
Let i = -5 - -5. Suppose -10 = -2*w, -x = -i*x + 5*w - 28. Suppose x*q - 126 = -2*m, 0*m = 5*m - q - 298. List the prime factors of m.
2, 3, 5
Let u be 6/(-2)*(-18 + 143/11). What are the prime factors of ((-1284)/u - 8)*-5?
2, 3, 13
Let y(u) = -12*u**2 - 2*u**3 + 6 + 0*u**3 - 6281*u + 6297*u. Let l be y(-7). Let a = 110 + l. What are the prime factors of a?
2, 3, 17
Suppose -3 + 5 = -2*v, 0 = 2*g - 4*v + 104. What are the prime factors of (-13660)/(-9) + g/(-243)?
2, 3, 11, 23
Let k = -901 + 4381. Suppose -9*l = -4*l - k. List the prime factors of l.
2, 3, 29
Let s = -1451 + 7431. What are the prime factors of s?
2, 5, 13, 23
Suppose 4*x - 4*f = 5928, 10*x + 7383 = 15*x + 4*f. List the prime factors of 4/10 + x/(-5)*-2.
2, 37
Let p(j) = 11*j**3 - 5*j**2 + 25*j - 33. What are the prime factors of p(9)?
2, 3, 1301
Let r = -27 - -12. Suppose -8*f + 4*f = 2*t - 126, f = 4*t - 252. Let q = r + t. What are the prime factors of q?
2, 3
Let a be (-9)/3 - 190/10. Let z(k) = -2*k**2 - 53*k - 25. What are the prime factors of z(a)?
173
Suppose 2*v + 595 = -3*n, n + n + 5*v = -382. Let k = 717 + n. What are the prime factors of k?
2, 3, 43
Let b = 4 - 1. Suppose -3*f = -b, 5*n + f + 4*f + 155 = 0. Let m = 72 + n. What are the prime factors of m?
2, 5
Suppose -5*y + 76 = -g, 2*g + 2*g + 404 = -5*y. Let s be 4 - (-1071)/(-6) - ((-36)/(-8) + -5). Let p = g - s. What are the prime factors of p?
2, 3, 13
What are the prime factors of (-189)/42*(-3263 + 1)?
3, 7, 233
Let t(u) = -u**3 - 8*u**2 + 9*u - 15. Let s be t(-11). Suppose 6*w - 1017 = s. What are the prime factors of w?
211
Suppose -150*o + 515634 - 42701 = -105167. List the prime factors of o.
2, 41, 47
Let x = -15601 + 22260. List the prime factors of x.
6659
Suppose -4172 + 1704 = -o + 2666. List the prime factors of o.
2, 17, 151
Let m = 39 - -140. Suppose -u + 5*g = 6, 0 = -2*u - g + 41 - 20. Suppose 533 = 3*k - q, m = -8*k + u*k + q. What are the prime factors of k?
2, 89
Let c(w) = -10*w**2 - 4*w + 5. Let m be c(1). Let a(n) = 8*n**2 - n - 37. List the prime factors of a(m).
2, 5, 31
Suppose 12*j - 3*u = 16*j + 19369, -2*u - 14526 = 3*j. List the prime factors of j/(-15) - 6/9.
2, 7, 23
Let n be ((-6)/8)/((-100)/(-96) - 1). Let c be (-250)/((6/n)/(1/3)). Suppose 5*t - c = 3*t. List the prime factors of t.
5
Let v be -88*((-3171)/12)/7. Suppose p + v = 12*p. What are the prime factors of p?
2, 151
Suppose -2*j + 26 = 3*m, -j + 5 = -m + 17. Suppose -m*l + 3743 + 1297 = 0. What are the prime factors of l?
2, 3, 7
Let a(t) = t**3 + 79*t**2 - 224*t - 226. List the prime factors of a(-79).
2, 5, 1747
Suppose -2*x - 3*v = -73837, 358*x - 361*x + 3*v = -110703. What are the prime factors of x?
2, 9227
Let v be 256/4 + (-2 - 2). Suppose 61*z = v*z + 4. What are the prime factors of 248 + (-8)/((-16)/z)?
2, 5
Let n = 549 + -547. Suppose -1766 = -4*j + g, -n*g - 4 + 8 = 0. List the prime factors of j.
2, 13, 17
Let n = 7889 + -4640. List the prime factors of n.
3, 19
Let x(l) = 197 - 238 + 6*l - 15*l. List the prime factors of x(-6).
13
Suppose t - 5*z + 1 = 0, 4*z - 9 = -t - z. Suppose -2 = -3*k + t. Suppose -k*h = -h - 140. List the prime factors of h.
2, 5, 7
Let j = 433 + -202. Suppose -2*z + 2613 = -j. What are the prime factors of z?
2, 3, 79
Let b(s) = -6*s**2 - 11*s + 4. Suppose -16*t - 32 = 80. Let j be b(t). Let r = j + 298. List the prime factors of r.
5, 17
Suppose -2*j + 20 = 49*m - 50*m, 0 = -4*j + 5*m + 28. Suppose 0 = -j*n + 4615 + 1373. What are the prime factors of n?
499
Let g(d) = -8*d**2. Let h(p) = -27*p**2 + 3*p + 8. Let t(v) = 3*g(v) - h(v). Let j = -2 - 2. List the prime factors of t(j).
2, 13
Let f = -87 + 113. Let x = f + 225. What are the prime factors of x?
251
Suppose 3*